{"id":237,"date":"2025-12-02T13:24:24","date_gmt":"2025-12-02T10:24:24","guid":{"rendered":"https:\/\/rhodamine.artikaravan.com\/?page_id=237"},"modified":"2025-12-19T11:11:28","modified_gmt":"2025-12-19T08:11:28","slug":"a-base-de-agua","status":"publish","type":"page","link":"https:\/\/rhodamine.com.tr\/esp\/a-base-de-agua\/","title":{"rendered":"A Base de Agua"},"content":{"rendered":"<section class=\"l-section wpb_row height_auto width_full\"><div class=\"l-section-h i-cf\"><div class=\"g-cols vc_row via_grid cols_1 laptops-cols_inherit tablets-cols_inherit mobiles-cols_1 valign_top type_default stacking_default\"><div class=\"wpb_column vc_column_container\"><div class=\"vc_column-inner\"><div class=\"w-image has_ratio align_none\"><div class=\"w-image-h\"><div style=\"padding-bottom:31.0345%\"><\/div><img loading=\"lazy\" decoding=\"async\" width=\"2048\" height=\"1152\" src=\"https:\/\/rhodamine.com.tr\/esp\/wp-content\/uploads\/2025\/12\/Printed-Fabric.jpg\" class=\"attachment-full size-full\" alt=\"\" srcset=\"https:\/\/rhodamine.com.tr\/esp\/wp-content\/uploads\/2025\/12\/Printed-Fabric.jpg 2048w, https:\/\/rhodamine.com.tr\/esp\/wp-content\/uploads\/2025\/12\/Printed-Fabric-300x169.jpg 300w, https:\/\/rhodamine.com.tr\/esp\/wp-content\/uploads\/2025\/12\/Printed-Fabric-1024x576.jpg 1024w\" sizes=\"auto, (max-width: 2048px) 100vw, 2048px\" \/><\/div><\/div><\/div><\/div><\/div><\/div><\/section><section class=\"l-section wpb_row height_medium\"><div class=\"l-section-h i-cf\"><div class=\"g-cols vc_row via_grid cols_1 laptops-cols_inherit tablets-cols_inherit mobiles-cols_1 valign_top type_default stacking_default\"><div class=\"wpb_column vc_column_container\"><div class=\"vc_column-inner\"><div class=\"wpb_text_column\"><div class=\"wpb_wrapper\"><h1><strong>Tintas Textiles a Base de Agua \u2013 Ecol\u00f3gicas &amp; Suaves al Tacto<\/strong><\/h1>\n<p>Nuestras tintas textiles a base de agua est\u00e1n desarrolladas para impresores que valoran la responsabilidad ambiental, comodidad y calidad de impresi\u00f3n. Ofrecen tacto suave, transpirabilidad y colores vivos, manteniendo alta eficiencia de producci\u00f3n.<\/p>\n<p><strong>Por Qu\u00e9 Elegir las Tintas a Base de Agua Rhodamine<\/strong><\/p>\n<ul>\n<li>Formulaci\u00f3n ecol\u00f3gica a base de agua<\/li>\n<li>Impresiones suaves y transpirables para m\u00e1xima comodidad<\/li>\n<li>Excelente estabilidad en pantalla y consistencia de impresi\u00f3n<\/li>\n<li>Secado r\u00e1pido y alta resistencia al lavado<\/li>\n<li>Apta para impresoras manuales y autom\u00e1ticas<\/li>\n<\/ul>\n<p><strong>Aplicaciones<\/strong><br \/>Perfecta para prendas de algod\u00f3n org\u00e1nico, ropa de beb\u00e9, moda, textiles del hogar y productos ecol\u00f3gicos.<\/p>\n<p>\ud83d\udce9 <strong><a href=\"\/esp\/formulario-de-contacto\">Contacte a nuestro equipo t\u00e9cnico<\/a><\/strong> para analizar el sistema m\u00e1s adecuado para sus necesidades.<\/p>\n<\/div><\/div><\/div><\/div><\/div><\/div><\/section>\n","protected":false},"excerpt":{"rendered":"Tintas Textiles a Base de Agua \u2013 Ecol\u00f3gicas &amp; Suaves al Tacto Nuestras tintas textiles a base de agua est\u00e1n desarrolladas para impresores que valoran la responsabilidad ambiental, comodidad y calidad de impresi\u00f3n. Ofrecen tacto suave, transpirabilidad y colores vivos, manteniendo alta eficiencia de producci\u00f3n. Por Qu\u00e9 Elegir las Tintas a Base de Agua Rhodamine...","protected":false},"author":1,"featured_media":0,"parent":0,"menu_order":0,"comment_status":"closed","ping_status":"closed","template":"","meta":{"footnotes":""},"class_list":["post-237","page","type-page","status-publish","hentry"],"_links":{"self":[{"href":"https:\/\/rhodamine.com.tr\/esp\/wp-json\/wp\/v2\/pages\/237","targetHints":{"allow":["GET"]}}],"collection":[{"href":"https:\/\/rhodamine.com.tr\/esp\/wp-json\/wp\/v2\/pages"}],"about":[{"href":"https:\/\/rhodamine.com.tr\/esp\/wp-json\/wp\/v2\/types\/page"}],"author":[{"embeddable":true,"href":"https:\/\/rhodamine.com.tr\/esp\/wp-json\/wp\/v2\/users\/1"}],"replies":[{"embeddable":true,"href":"https:\/\/rhodamine.com.tr\/esp\/wp-json\/wp\/v2\/comments?post=237"}],"version-history":[{"count":5,"href":"https:\/\/rhodamine.com.tr\/esp\/wp-json\/wp\/v2\/pages\/237\/revisions"}],"predecessor-version":[{"id":436,"href":"https:\/\/rhodamine.com.tr\/esp\/wp-json\/wp\/v2\/pages\/237\/revisions\/436"}],"wp:attachment":[{"href":"https:\/\/rhodamine.com.tr\/esp\/wp-json\/wp\/v2\/media?parent=237"}],"curies":[{"name":"wp","href":"https:\/\/api.w.org\/{rel}","templated":true}]}}