{"id":27,"date":"2025-11-03T20:20:06","date_gmt":"2025-11-03T20:20:06","guid":{"rendered":"https:\/\/rhodamine.artikaravan.com\/?page_id=27"},"modified":"2026-04-15T16:23:11","modified_gmt":"2026-04-15T13:23:11","slug":"anasayfa","status":"publish","type":"page","link":"https:\/\/rhodamine.com.tr\/esp\/","title":{"rendered":"P\u00e1gina de Inicio"},"content":{"rendered":"<section class=\"l-section wpb_row height_auto width_full\"><div class=\"l-section-h i-cf\"><div class=\"g-cols vc_row via_grid cols_1 laptops-cols_inherit tablets-cols_inherit mobiles-cols_1 valign_top type_default stacking_default\"><div class=\"wpb_column vc_column_container\"><div class=\"vc_column-inner\"><div class=\"w-image has_ratio align_none\"><div class=\"w-image-h\"><div style=\"padding-bottom:42.8571%\"><\/div><img loading=\"lazy\" decoding=\"async\" width=\"2560\" height=\"1707\" src=\"https:\/\/rhodamine.com.tr\/esp\/wp-content\/uploads\/2025\/12\/Ana-sayfa-2-scaled.jpg\" class=\"attachment-full size-full\" alt=\"\" srcset=\"https:\/\/rhodamine.com.tr\/esp\/wp-content\/uploads\/2025\/12\/Ana-sayfa-2-scaled.jpg 2560w, https:\/\/rhodamine.com.tr\/esp\/wp-content\/uploads\/2025\/12\/Ana-sayfa-2-300x200.jpg 300w, https:\/\/rhodamine.com.tr\/esp\/wp-content\/uploads\/2025\/12\/Ana-sayfa-2-1024x683.jpg 1024w\" sizes=\"auto, (max-width: 2560px) 100vw, 2560px\" \/><\/div><\/div><\/div><\/div><\/div><\/div><\/section><section class=\"l-section wpb_row height_small\"><div class=\"l-section-h i-cf\"><div class=\"g-cols vc_row via_grid cols_2 laptops-cols_inherit tablets-cols_inherit mobiles-cols_1 valign_top type_default stacking_default\"><div class=\"wpb_column vc_column_container\"><div class=\"vc_column-inner\"><div class=\"wpb_text_column\"><div class=\"wpb_wrapper\"><h2><strong>Sobre Rhodamine Chemical Inc.<\/strong><\/h2>\n<p>Rhodamine Chemical Inc. es un fabricante de tintas para envases flexibles, adhesivos de laminaci\u00f3n, soluciones cold seal, barnices termosellables y recubrimientos para la industria global de conversi\u00f3n.<\/p>\n<p>Ofrecemos soluciones de alto rendimiento para envases flexibles, dise\u00f1adas para sustratos como BOPP, PET, BOPA (NY), CPP, PE, aluminio y papel.<\/p>\n<p>Nuestros productos garantizan una excelente calidad de impresi\u00f3n, alta adhesi\u00f3n y un sellado fiable.<\/p>\n<p>Todas nuestras formulaciones se desarrollan conforme a las normativas de la UE y est\u00e1ndares FDA, cumpliendo con los requisitos para aplicaciones de envases alimentarios y no alimentarios, con un fuerte enfoque en rendimiento, consistencia y sostenibilidad.<\/p>\n<p>Con sede en Izmir, Turqu\u00eda, apoyamos a convertidores y fabricantes de envases en Europa y Estados Unidos con soluciones fiables e innovadoras.<\/p>\n<\/div><\/div><div class=\"w-separator size_custom\" style=\"height:15px\"><\/div><div class=\"w-btn-wrapper align_none\"><a class=\"w-btn us-btn-style_1\" href=\"https:\/\/rhodamine.com.tr\/esp\/sobre-nosotros\"><span class=\"w-btn-label\">Leer m\u00e1s<\/span><\/a><\/div><\/div><\/div><div class=\"wpb_column vc_column_container\"><div class=\"vc_column-inner\"><div class=\"w-image align_none\"><div class=\"w-image-h\"><img loading=\"lazy\" decoding=\"async\" width=\"1600\" height=\"1066\" src=\"https:\/\/rhodamine.com.tr\/esp\/wp-content\/uploads\/2025\/12\/WhatsApp-Image-2025-12-04-at-15.40.09_5f4d6aac.jpg\" class=\"attachment-full size-full\" alt=\"\" srcset=\"https:\/\/rhodamine.com.tr\/esp\/wp-content\/uploads\/2025\/12\/WhatsApp-Image-2025-12-04-at-15.40.09_5f4d6aac.jpg 1600w, https:\/\/rhodamine.com.tr\/esp\/wp-content\/uploads\/2025\/12\/WhatsApp-Image-2025-12-04-at-15.40.09_5f4d6aac-300x200.jpg 300w, https:\/\/rhodamine.com.tr\/esp\/wp-content\/uploads\/2025\/12\/WhatsApp-Image-2025-12-04-at-15.40.09_5f4d6aac-1024x682.jpg 1024w\" sizes=\"auto, (max-width: 1600px) 100vw, 1600px\" \/><\/div><\/div><div class=\"w-separator size_small\"><\/div><div class=\"wpb_text_column\"><div class=\"wpb_wrapper\"><article class=\"text-token-text-primary w-full focus:outline-none &#091;--shadow-height:45px&#093; has-data-writing-block:pointer-events-none has-data-writing-block:-mt-(--shadow-height) has-data-writing-block:pt-(--shadow-height) &#091;&amp;:has(&#091;data-writing-block&#093;)&gt;*&#093;:pointer-events-auto scroll-mt-&#091;calc(var(--header-height)+min(200px,max(70px,20svh)))&#093;\" dir=\"auto\" tabindex=\"-1\" data-turn-id=\"request-WEB:87d472fd-f20e-4d47-aced-db71b3076570-72\" data-testid=\"conversation-turn-146\" data-scroll-anchor=\"true\" data-turn=\"assistant\">\n<div class=\"text-base my-auto mx-auto pb-10 &#091;--thread-content-margin:--spacing(4)&#093; @w-sm\/main:&#091;--thread-content-margin:--spacing(6)&#093; @w-lg\/main:&#091;--thread-content-margin:--spacing(16)&#093; px-(--thread-content-margin)\">\n<div class=\"&#091;--thread-content-max-width:40rem&#093; @w-lg\/main:&#091;--thread-content-max-width:48rem&#093; mx-auto max-w-(--thread-content-max-width) flex-1 group\/turn-messages focus-visible:outline-hidden relative flex w-full min-w-0 flex-col agent-turn\" tabindex=\"-1\">\n<div class=\"flex max-w-full flex-col grow\">\n<div class=\"min-h-8 text-message relative flex w-full flex-col items-end gap-2 text-start break-words whitespace-normal &#091;.text-message+&amp;&#093;:mt-1\" dir=\"auto\" data-message-author-role=\"assistant\" data-message-id=\"40808a88-e41c-468b-b360-cab66800df71\" data-message-model-slug=\"gpt-5-1-instant\">\n<div class=\"flex w-full flex-col gap-1 empty:hidden first:pt-&#091;1px&#093;\">\n<div class=\"markdown prose dark:prose-invert w-full break-words light markdown-new-styling\">\n<p style=\"text-align: center;\" data-start=\"0\" data-end=\"59\" data-is-last-node=\"\" data-is-only-node=\"\"><strong data-start=\"0\" data-end=\"59\" data-is-last-node=\"\" data-is-only-node=\"\">Inspirado por la naturaleza. Dise\u00f1ado para la impresi\u00f3n<\/strong><\/p>\n<\/div>\n<\/div>\n<\/div>\n<\/div>\n<\/div>\n<\/div>\n<\/article>\n<\/div><\/div><\/div><\/div><\/div><\/div><\/section><section class=\"l-section wpb_row height_small\"><div class=\"l-section-h i-cf\"><div class=\"g-cols vc_row via_grid cols_1 laptops-cols_inherit tablets-cols_inherit mobiles-cols_1 valign_top type_default stacking_default\"><div class=\"wpb_column vc_column_container\"><div class=\"vc_column-inner\"><div class=\"wpb_text_column\"><div class=\"wpb_wrapper\"><h2><strong>Nuestros Productos<\/strong><\/h2>\n<\/div><\/div><div class=\"g-cols wpb_row via_grid cols_1 laptops-cols_inherit tablets-cols_inherit mobiles-cols_1 valign_top type_default stacking_default\"><div class=\"wpb_column vc_column_container\"><div class=\"vc_column-inner\"><div class=\"w-separator size_small\"><\/div><\/div><\/div><\/div><div class=\"g-cols wpb_row via_grid cols_4 laptops-cols_inherit tablets-cols_inherit mobiles-cols_2 valign_top type_default stacking_default\" style=\"grid-gap:0.7rem;\"><div class=\"wpb_column vc_column_container\"><div class=\"vc_column-inner\"><div class=\"w-ibanner animation_phorcys ratio_1x1 easing_ease\"><div class=\"w-ibanner-h\"><div class=\"w-ibanner-image\" style=\"background-image: url(https:\/\/rhodamine.com.tr\/esp\/wp-content\/uploads\/2025\/11\/185c.png)\"><\/div><div class=\"w-ibanner-content\"><div class=\"w-ibanner-content-h\"><h5 class=\"w-ibanner-title\">Tintas a Base de Solventes<\/h5><div class=\"w-ibanner-desc\"><\/div><\/div><\/div><\/div><a href=\"\/esp\/tintas-a-base-de-solventes\" aria-label=\"Tintas a Base de Solventes\"><\/a><\/div><\/div><\/div><div class=\"wpb_column vc_column_container\"><div class=\"vc_column-inner\"><div class=\"w-ibanner animation_phorcys ratio_1x1 easing_ease\"><div class=\"w-ibanner-h\"><div class=\"w-ibanner-image\" style=\"background-image: url(https:\/\/rhodamine.com.tr\/esp\/wp-content\/uploads\/2025\/11\/001489.png)\"><\/div><div class=\"w-ibanner-content\"><div class=\"w-ibanner-content-h\"><h5 class=\"w-ibanner-title\">Tintas a Base de Agua<\/h5><div class=\"w-ibanner-desc\"><\/div><\/div><\/div><\/div><a href=\"\/esp\/tintas-a-base-de-agua\" aria-label=\"Tintas a Base de Agua\"><\/a><\/div><\/div><\/div><div class=\"wpb_column vc_column_container\"><div class=\"vc_column-inner\"><div class=\"w-ibanner animation_phorcys ratio_1x1 easing_ease\"><div class=\"w-ibanner-h\"><div class=\"w-ibanner-image\" style=\"background-image: url(https:\/\/rhodamine.com.tr\/esp\/wp-content\/uploads\/2025\/11\/345c-300x300.png)\"><\/div><div class=\"w-ibanner-content\"><div class=\"w-ibanner-content-h\"><h5 class=\"w-ibanner-title\">Adhesivos de Laminaci\u00f3n<\/h5><div class=\"w-ibanner-desc\"><\/div><\/div><\/div><\/div><a href=\"\/esp\/adhesivos-de-laminacion\" aria-label=\"Adhesivos de Laminaci\u00f3n\"><\/a><\/div><\/div><\/div><div class=\"wpb_column vc_column_container\"><div class=\"vc_column-inner\"><div class=\"w-ibanner animation_phorcys ratio_1x1 easing_ease\"><div class=\"w-ibanner-h\"><div class=\"w-ibanner-image\" style=\"background-image: url(https:\/\/rhodamine.com.tr\/esp\/wp-content\/uploads\/2025\/11\/images-1.jpeg)\"><\/div><div class=\"w-ibanner-content\"><div class=\"w-ibanner-content-h\"><h5 class=\"w-ibanner-title\">Tintas Offset<\/h5><div class=\"w-ibanner-desc\"><\/div><\/div><\/div><\/div><a href=\"\/esp\/tintas-offset\" aria-label=\"Tintas Offset\"><\/a><\/div><\/div><\/div><\/div><div class=\"w-separator size_small\"><\/div><div class=\"g-cols wpb_row via_grid cols_4 laptops-cols_inherit tablets-cols_inherit mobiles-cols_2 valign_top type_default stacking_default\" style=\"grid-gap:0.7rem;\"><div class=\"wpb_column vc_column_container\"><div class=\"vc_column-inner\"><div class=\"w-ibanner animation_phorcys ratio_1x1 easing_ease\"><div class=\"w-ibanner-h\"><div class=\"w-ibanner-image\" style=\"background-image: url(https:\/\/rhodamine.com.tr\/esp\/wp-content\/uploads\/2025\/11\/CoolGrey5c.png)\"><\/div><div class=\"w-ibanner-content\"><div class=\"w-ibanner-content-h\"><h5 class=\"w-ibanner-title\">Lacas Termosellables<\/h5><div class=\"w-ibanner-desc\"><\/div><\/div><\/div><\/div><a href=\"\/esp\/lacas-termosellables\" aria-label=\"Lacas Termosellables\"><\/a><\/div><\/div><\/div><div class=\"wpb_column vc_column_container\"><div class=\"vc_column-inner\"><div class=\"w-ibanner animation_phorcys ratio_1x1 easing_ease\"><div class=\"w-ibanner-h\"><div class=\"w-ibanner-image\" style=\"background-image: url(https:\/\/rhodamine.com.tr\/esp\/wp-content\/uploads\/2025\/11\/550c.png)\"><\/div><div class=\"w-ibanner-content\"><div class=\"w-ibanner-content-h\"><h5 class=\"w-ibanner-title\">Adhesivos de Sellado en Fr\u00edo<\/h5><div class=\"w-ibanner-desc\"><\/div><\/div><\/div><\/div><a href=\"\/esp\/adhesivos-de-sellado-en-frio\" aria-label=\"Adhesivos de Sellado en Fr\u00edo\"><\/a><\/div><\/div><\/div><div class=\"wpb_column vc_column_container\"><div class=\"vc_column-inner\"><div class=\"w-ibanner animation_phorcys ratio_1x1 easing_ease\"><div class=\"w-ibanner-h\"><div class=\"w-ibanner-image\" style=\"background-image: url(https:\/\/rhodamine.com.tr\/esp\/wp-content\/uploads\/2025\/11\/pantone-color-chip-465-c.jpg)\"><\/div><div class=\"w-ibanner-content\"><div class=\"w-ibanner-content-h\"><h5 class=\"w-ibanner-title\">Cola para Cart\u00f3n Corrugado<\/h5><div class=\"w-ibanner-desc\"><\/div><\/div><\/div><\/div><a href=\"\/esp\/cola-para-carton-corrugado\" aria-label=\"Cola para Cart\u00f3n Corrugado\"><\/a><\/div><\/div><\/div><div class=\"wpb_column vc_column_container\"><div class=\"vc_column-inner\"><div class=\"w-ibanner animation_phorcys ratio_1x1 easing_ease\"><div class=\"w-ibanner-h\"><div class=\"w-ibanner-image\" style=\"background-image: url(https:\/\/rhodamine.com.tr\/esp\/wp-content\/uploads\/2025\/11\/pantone-color-chip-black-6-c.jpg)\"><\/div><div class=\"w-ibanner-content\"><div class=\"w-ibanner-content-h\"><h5 class=\"w-ibanner-title\">Tintas Textiles<\/h5><div class=\"w-ibanner-desc\"><\/div><\/div><\/div><\/div><a href=\"\/esp\/tintas-textiles\" aria-label=\"Tintas Textiles\"><\/a><\/div><\/div><\/div><\/div><\/div><\/div><\/div><\/div><\/section><section class=\"l-section wpb_row height_medium\"><div class=\"l-section-h i-cf\"><div class=\"g-cols vc_row via_grid cols_1 laptops-cols_inherit tablets-cols_inherit mobiles-cols_1 valign_top type_default stacking_default\"><div class=\"wpb_column vc_column_container\"><div class=\"vc_column-inner\"><div class=\"wpb_text_column\"><div class=\"wpb_wrapper\"><h2><strong>Nuestro Equipo<\/strong><\/h2>\n<\/div><\/div><div class=\"w-separator size_small\"><\/div><div class=\"g-cols wpb_row via_grid cols_2 laptops-cols_inherit tablets-cols_inherit mobiles-cols_1 valign_top type_default stacking_default\"><div class=\"wpb_column vc_column_container\"><div class=\"vc_column-inner\"><div class=\"w-ibanner animation_aphelia ratio_3x4 easing_ease\"><div class=\"w-ibanner-h\"><div class=\"w-ibanner-image\" style=\"background-image: url(https:\/\/rhodamine.com.tr\/esp\/wp-content\/uploads\/2025\/12\/WhatsApp-Image-2025-12-04-at-13.15.10.jpeg)\"><\/div><div class=\"w-ibanner-content\"><div class=\"w-ibanner-content-h\"><h3 class=\"w-ibanner-title\">H\u00fcseyin O\u011fuz Kavakl\u0131<\/h3><div class=\"w-ibanner-desc\"><p>Co-Fundador<br \/>\noguz.kavakli@rhodamine.com.tr<br \/>\n\u202a+90 549 790 04 25\u202c<\/p>\n<\/div><\/div><\/div><\/div><a href=\"mailto:oguz.kavakli@rhodamine.com.tr\" aria-label=\"H\u00fcseyin O\u011fuz Kavakl\u0131\"><\/a><\/div><\/div><\/div><div class=\"wpb_column vc_column_container\"><div class=\"vc_column-inner\"><div class=\"w-ibanner animation_aphelia ratio_3x4 easing_ease\"><div class=\"w-ibanner-h\"><div class=\"w-ibanner-image\" style=\"background-image: url(https:\/\/rhodamine.com.tr\/esp\/wp-content\/uploads\/2025\/12\/ata-tuzunsoy-bio.jpg)\"><\/div><div class=\"w-ibanner-content\"><div class=\"w-ibanner-content-h\"><h3 class=\"w-ibanner-title\">Ata T\u00fcz\u00fcnsoy<\/h3><div class=\"w-ibanner-desc\"><p>Co-Fundador<br \/>\nata.tuzunsoy@rhodamine.com.tr<br \/>\n+90 532 300 17 16<\/p>\n<\/div><\/div><\/div><\/div><a href=\"mailto:ata.tuzunsoy@rhodamine.com.tr\" aria-label=\"Ata T\u00fcz\u00fcnsoy\"><\/a><\/div><\/div><\/div><\/div><\/div><\/div><\/div><\/div><\/section>\n","protected":false},"excerpt":{"rendered":"Sobre Rhodamine Chemical Inc. Rhodamine Chemical Inc. es un fabricante de tintas para envases flexibles, adhesivos de laminaci\u00f3n, soluciones cold seal, barnices termosellables y recubrimientos para la industria global de conversi\u00f3n. Ofrecemos soluciones de alto rendimiento para envases flexibles, dise\u00f1adas para sustratos como BOPP, PET, BOPA (NY), CPP, PE, aluminio y papel. Nuestros productos garantizan...","protected":false},"author":1,"featured_media":0,"parent":0,"menu_order":0,"comment_status":"closed","ping_status":"closed","template":"","meta":{"footnotes":""},"class_list":["post-27","page","type-page","status-publish","hentry"],"_links":{"self":[{"href":"https:\/\/rhodamine.com.tr\/esp\/wp-json\/wp\/v2\/pages\/27","targetHints":{"allow":["GET"]}}],"collection":[{"href":"https:\/\/rhodamine.com.tr\/esp\/wp-json\/wp\/v2\/pages"}],"about":[{"href":"https:\/\/rhodamine.com.tr\/esp\/wp-json\/wp\/v2\/types\/page"}],"author":[{"embeddable":true,"href":"https:\/\/rhodamine.com.tr\/esp\/wp-json\/wp\/v2\/users\/1"}],"replies":[{"embeddable":true,"href":"https:\/\/rhodamine.com.tr\/esp\/wp-json\/wp\/v2\/comments?post=27"}],"version-history":[{"count":58,"href":"https:\/\/rhodamine.com.tr\/esp\/wp-json\/wp\/v2\/pages\/27\/revisions"}],"predecessor-version":[{"id":461,"href":"https:\/\/rhodamine.com.tr\/esp\/wp-json\/wp\/v2\/pages\/27\/revisions\/461"}],"wp:attachment":[{"href":"https:\/\/rhodamine.com.tr\/esp\/wp-json\/wp\/v2\/media?parent=27"}],"curies":[{"name":"wp","href":"https:\/\/api.w.org\/{rel}","templated":true}]}}